e -10*c + 7*c + 443657 = 2*n, 2*c - 295769 = -n. Is c prime?
True
Let x(v) = v**3 - 26*v**2 + v - 106. Let d be x(26). Let m = 299 - d. Is m a composite number?
False
Let s = 7422 + -444. Suppose -5*g + s = g. Is g composite?
False
Let z(a) = -4*a + 27 + 17*a - a + a**2. Let v be z(-9). Suppose 0 = -5*f - 0*y + 5*y + 7430, -2*y - 10 = v. Is f a prime number?
True
Suppose -2*k = -5*l + 934993, 5*l - 76927 = 3*k + 858060. Is l a prime number?
False
Let y be (459 - -1)*(0 + (-9 - -2)). Let c = 571 - y. Is c a composite number?
True
Suppose -26*b + 29*b - 14589 = 4818. Is b a prime number?
True
Let b(w) = 51 - 190*w**3 - 28 - 16 + 5*w**2 - 579*w**3 + 8*w. Is b(-2) a composite number?
False
Let j = 2046711 - -124394. Is j a prime number?
False
Suppose -11*q = 3*y - 7*q - 6176, 5*y - 10302 = 2*q. Suppose 2*p + c = -c + y, 0 = -5*p + 5*c + 5160. Is p a prime number?
True
Suppose 48 + 72 = 3*s. Suppose 0 = -5*w + r - 30, 3*w - 5*r + s = -0*r. Is ((-3)/6)/(w/1270) composite?
False
Is (-107)/1177 - (-4054756)/22 a prime number?
False
Let c(i) = -7 - 5*i + 4*i**2 - 9*i + 4*i**2. Suppose -21*b - 4 = 269. Is c(b) composite?
True
Let q(j) = -16*j**3 + 2*j**2 - 2*j - 9. Let w(d) = d**2 - 8*d - 13. Let l = -9 - -18. Let m be w(l). Is q(m) composite?
True
Let d = 52270 - -17571. Is d a prime number?
False
Let t(p) = 421*p**2 + 42*p - 52. Is t(-7) a prime number?
False
Let t(u) = -542*u - 250. Let s(z) = -271*z - 124. Let m(i) = 7*s(i) - 3*t(i). Is m(-12) composite?
True
Let q(j) = 150*j**3 - 5*j**2 + 14*j - 21. Let r be q(5). Suppose -2*i = -11*m + 7*m + r, 0 = -4*i - 12. Is m a prime number?
False
Let x(k) = -100339*k - 6700. Is x(-5) prime?
False
Let i(b) be the first derivative of 49*b**4/4 - b**3/3 - b**2 + 2*b - 12. Let s be i(1). Let k = 211 + s. Is k a prime number?
False
Let q(x) = 76*x + 20. Let n be q(-3). Let w be 756/13 + 32/n. Is 0 + 90614/22 + w/319 composite?
True
Suppose -759951 = -40*u + 28409. Is u a composite number?
False
Let i(z) = 10204*z**2 + 4*z - 46. Is i(6) composite?
True
Suppose -w = -4*a - 6422, -4*w + 3*a = -w - 19221. Let m be 5 + (-33)/(-11) + -6. Suppose -4*r + 12790 = 4*v - r, -2*r - w = -m*v. Is v prime?
False
Suppose -8312 + 106532 = 3*u. Suppose -9*a = -u - 14933. Is a a composite number?
False
Suppose x + 12*p - 9 = 9*p, 0 = 4*x + p - 47. Is -7 + (-13895)/(-14)*x a composite number?
False
Is 1/(-4) - ((-256777495)/(-124))/(-5) a prime number?
True
Suppose c + 2*f = 160407, 4*c - 18*f + 23*f = 641652. Is c a composite number?
False
Let o = -24 - -17. Let m(r) = r + 15. Let n be m(o). Suppose 3*g = n*g - 1895. Is g a composite number?
False
Suppose -14*u = -19*u + 1865. Let r = u + 1586. Let w = -1330 + r. Is w prime?
False
Let n(h) = -178 + 326 - 21 + 4*h. Is n(0) a prime number?
True
Let h be ((32/8)/(-16))/(2/(-24)). Suppose -4*t = -h*n - t + 33630, -t = -5. Is n a prime number?
False
Suppose -4*y - 9 = -1. Let l(f) = -f**2 - 3*f + 3. Let t be l(y). Suppose 0*c + 4*c - q = 581, 0 = -t*q - 5. Is c composite?
True
Let c(z) = -239*z + 4. Let y(r) = -717*r + 12. Let d(q) = 11*c(q) - 4*y(q). Let s be d(2). Let a = 1097 - s. Is a a prime number?
False
Suppose 0*p + 719977 = 2*p - 3*t, 0 = -p + 3*t + 359996. Is p a prime number?
True
Suppose -337838 = -2*g - 2*c, -224435 - 282292 = -3*g + 2*c. Is g prime?
True
Suppose -4*q = -2*b + 8300, 0*b - 3*q + 4160 = b. Suppose -6*y + 13622 = b. Let v = 1207 + y. Is v prime?
False
Let c = -24260 - -70698. Suppose -19562 = -l - 3*f, 4*f - c = 4*l - 124606. Is l a prime number?
False
Let n = -1849 - -2609. Let k = n + 6303. Is k composite?
True
Let y(a) = -277*a + 12. Let m be y(-5). Suppose 28495 = 12*w - m. Is w a composite number?
True
Let v(n) = 1356*n + 883. Is v(44) a composite number?
True
Let u(j) be the second derivative of -7*j**5/10 - j**4/3 - 13*j**3/6 + 10*j**2 - 34*j + 1. Is u(-7) a prime number?
False
Let l = 928 + -835. Let z(w) = 178*w + 2. Let h be z(-2). Let o = l - h. Is o a composite number?
True
Let x be (-9)/(-54) - 17/(-6). Suppose x*o = -3*j + 16095, 0 = 4*o - o + 9. Let d = j - 3077. Is d composite?
True
Suppose 0 = -9*j - 1 + 28. Let r = 7571 + -4608. Suppose j*l + 3162 = 5*z, -3*z + 2*l + r = 1066. Is z a composite number?
True
Suppose 5*k - 35 = -4*m, 0 = 4*k - 5*m + 2 + 11. Suppose 2*c + 4*g - 1331 = 2887, -k*g = -c + 2084. Is c prime?
True
Let x = 157632 - -121931. Is x prime?
False
Suppose l - 85460 = -4*l. Let a = l + -4395. Is a prime?
True
Let q(s) = s**2 - 5*s - 38. Let c be q(23). Suppose 0*v + 4*v = c. Is v a prime number?
False
Let i be ((-10)/(-6))/(4/12). Let s(m) = m**2 - 2*m - 14. Let x be s(i). Is (x/2)/((-10)/(-120)) a prime number?
False
Let m(t) = 31*t - 16. Let f(x) = -10*x + 5. Let w(h) = -17*f(h) - 6*m(h). Let j be w(-1). Is (-5)/3 + 61956/j composite?
False
Suppose i = -4*i, -3*i + 12 = 4*h. Let u(s) = -28*s**2 - 8*s + 20. Let z be u(h). Let g = z + 579. Is g prime?
False
Let z be ((-48)/(-9) - 4)*(2 + 1). Suppose l - 23 = -z*f, 2*l + 4*f - 11 = 3*f. Is (-94)/l*(-21)/2 a prime number?
False
Let m(h) be the second derivative of 137*h**4/12 + 5*h**3/2 - h**2/2 + 6*h. Let p be -2 - (2/4)/((-2)/20). Is m(p) composite?
False
Let g(s) = -12*s**3 + 7*s**2 - 8*s - 2. Let i be g(4). Let y = i - -1179. Is y prime?
False
Let i(x) = -63*x**3 - 8*x**2 - 3*x + 1. Let z be i(-3). Suppose -6*l + 7*l = z. Is l composite?
True
Let c(w) = -w**3 - w**2 + w + 6. Let u be 6 - ((-4)/10 - (-32)/(-20)). Suppose 35 + 21 = -u*s. Is c(s) composite?
False
Let g(z) = -z**2 + 4*z + 8. Let p be g(-2). Let x be (-30)/21*14/p. Suppose 0 = -3*l - 0*l + 2*v + 1997, -5*l - x*v = -3370. Is l prime?
False
Let u(f) = 51464*f - 3851. Is u(5) prime?
True
Suppose 13 = 8*g - 1123. Let k = 147 - g. Suppose -2*o - k*n = -987, o + n - 1965 = -3*o. Is o a composite number?
False
Let v(d) = -5*d**3 - 28*d**2 + 9*d - 8. Let a be v(-6). Is a + 93726/10 + 2/5 a prime number?
False
Let a be (30/8)/((-294)/784). Let c(v) be the second derivative of -v**5/20 + v**4/3 + 23*v**3/6 - 7*v**2/2 - v. Is c(a) a composite number?
False
Let q(s) = 7*s - 10. Let c be 1 + (5 - 0)*(-7)/(-35). Let i be q(c). Suppose -209 - 99 = -i*j. Is j composite?
True
Let r = 1858411 - 1320690. Is r a prime number?
False
Let f = -6230 + 9394. Let a = 3899 + f. Is a a composite number?
True
Suppose 16*o - 1454536 = 595240. Is o a prime number?
True
Let c be (-20)/(-6)*(20/8 + -1). Suppose 4*s = -2*m + 52, 3*m - s = -c*s + 74. Suppose -21*p = -m*p + 199. Is p prime?
True
Suppose -5*t + 23852 - 2317 = 0. Let w = t - -792. Is w a composite number?
False
Let y(o) = -59*o - 80*o**2 + 22*o + 404*o**2 - 27. Is y(8) a composite number?
True
Suppose 3*x + 3 = 0, 14*z - 3*x = 13*z + 9736. Is z a prime number?
True
Suppose 8*i + 3*q + 25234 = 9*i, -5*i - 5*q + 126270 = 0. Is i prime?
False
Let f = 264356 + -26634. Is f prime?
False
Suppose -108 = 3*x - x. Let i = -1047 - -1154. Let g = x + i. Is g a composite number?
False
Let s(x) = -2*x**3 + 11*x**2 - 13*x - 23. Let d = -445 + 438. Is s(d) a prime number?
False
Suppose 7*y + 2*t = 2*y + 226, 4*y - 170 = 2*t. Let g = y - 42. Suppose 0 = -3*r, g*q = -5*r + 344 + 338. Is q a prime number?
False
Suppose -4*a - 333 + 349 = 0. Suppose 1211 = m + 5*j, j = a*m + 2*j - 4806. Is m a prime number?
True
Let a be 10/(6 + -1)*(-785 - 3). Let o = a - -10155. Is o a prime number?
False
Let u = -36 - -39. Suppose -u*m + 10 = -3*t - 4*m, t = -m - 6. Is 126 + -7 + 0/t prime?
False
Is (33/(561/85))/(1 + 6688/(-6689)) a composite number?
True
Let d(g) = g**2 - 3*g + 6. Let v be d(2). Suppose -5*r - 5*i + 1543 = -v*r, 0 = 2*r + 5*i - 3086. Is r composite?
False
Suppose 3*i = -d - 298, -2*i + 597 = -2*d - 7. Let b = d + 968. Is b composite?
True
Let f(m) = m**3 + 6*m**2 - 2*m - 7. Suppose -3*p = -3 + 21. Let u be f(p). Suppose -24417 = -u*g + 12718. Is g a prime number?
False
Suppose 0 = -3*i + 2*m + 187, -m - 8 = -3*m. Let x(d) = 52 + i*d**2 + 4*d - 2*d - 56. Is x(3) prime?
True
Let a = -12 - -17. Suppose a*i = 3*i - 1754. Let o = -410 - i. Is o a composite number?
False
Suppose 0 = 37*d - 33*d + 236. Let u = d - -1318. Is u a prime number?
True
Suppose 2*l = 7 - 13. Let w be (-2)/(l/5 - (-11176)/18660). Suppose 4*j = 3*z - 2827, -5*z - j = -w - 2815. Is z a composite number?
False
Suppose -2*n - 4